
Suppose 0 = -2*g - 13 - 47. Let c = g - -54. Let n be c - (-4 + 7) - 0. What is the greatest common divisor of n and 14?
7
Suppose 12 + 24 = z + 5*y, -3*y + 28 = z. Calculate the greatest common divisor of z and 272.
16
Suppose 26 = 60*k - 59*k - 2*r, 2*k = -2*r + 82. Let j = 14 + -5. What is the highest common divisor of k and j?
9
Let o(p) = -19*p + 161. Let y be o(-10). What is the greatest common divisor of y and 39?
39
Let p(y) = y + 6. Let t be p(-4). Suppose -4*j = -t*h + 27 + 13, 2*j = 2*h - 44. What is the highest common divisor of h and 8?
8
Let u = 16 + -4. Let d = 22 - 18. Calculate the highest common factor of d and u.
4
Let u(t) = -t + 13. Let r be u(-2). Let g(j) = 4*j**2 - 5*j - 5. Let q be g(-5). Suppose -a = -0*a - q. Calculate the highest common factor of a and r.
15
Let r be (6/(-4))/(2/(-4)). Suppose 3*x = -2*b + 61, 5*b + r*x - 2*x = 133. Suppose -3*t + 9 = -108. What is the highest common divisor of b and t?
13
Let c(g) = g - 25 - g - 5*g + g. Let i be c(-11). What is the greatest common factor of 76 and i?
19
Let n(g) = -g**2 - 7*g - 9. Let f be n(-10). Let q be 120/65 - 6/f. Calculate the highest common factor of q and 22.
2
Let z = -4 + 7. Suppose -h - 2*i - 2 = 0, -z*h - 2*i + 4 = h. Calculate the highest common divisor of 16 and h.
2
Suppose -g = -22*g + 1050. Calculate the greatest common divisor of g and 2.
2
Let l be (-5 - 0)*(-7 + 6). Suppose l*o + 2*h = 103, 5*h = -0*o - 3*o + 58. Calculate the greatest common factor of 105 and o.
21
Suppose -3*i + 81 = y, 2*i = -0*i - 3*y + 54. Let o(h) = 2*h**3 - 4*h**2 - 24*h - 3. Let v be o(5). What is the highest common factor of v and i?
27
Suppose 4*l - 9 = 3*c + 1, 0 = -4*l - c + 18. Suppose -5*k + b = 4*b - 67, -2*b + 54 = l*k. What is the highest common factor of 14 and k?
14
Suppose 5*r + 0*r = 5, 2*r = 5*v + 32. Let z be v*((-76)/(-24) - 4). Calculate the greatest common divisor of 45 and z.
5
Let b(d) = d**2 + 6*d - 68. Let f be b(-12). Let c be (1 + (-1 - 0))/2. Let q be c + (-2)/(-1) - -34. Calculate the greatest common factor of f and q.
4
Let l = -345 + 360. What is the greatest common factor of l and 165?
15
Suppose -4*p - p + 2155 = 0. Suppose -12*d + 157 = -p. What is the highest common factor of 49 and d?
49
Let l(r) = -r**3 + 7*r**2 + 136*r + 35. Let u be l(-13). Calculate the greatest common factor of 54 and u.
27
Suppose -10*c = -6*c. Suppose 3*d - 57 - 18 = c. What is the highest common factor of d and 275?
25
Let a(x) = x**3 - 20*x**2 + 57*x - 79. Let b be a(18). What is the highest common divisor of 276 and b?
23
Suppose -77 = 10*w - 457. What is the greatest common factor of w and 304?
38
Let l be -1 - (-5)/((-5)/(-12)). Suppose o + l = 16. Let j(n) = 2*n**3 - 7*n**2 - 2*n + 1. Let m be j(o). What is the highest common divisor of m and 6?
6
Let f be (24/(-18))/((-8)/12). Let v(u) = -8*u - 66. Let y be v(-13). What is the highest common divisor of f and y?
2
Suppose c - 6*c + 5*v = 5, -3*c = -5*v - 7. Let n be -4 - 4/c*24. What is the greatest common divisor of n and 48?
12
Let s = 271 + -223. Calculate the greatest common factor of 72 and s.
24
Let q(n) = -n**3 - 16*n**2 + n + 44. Let w be q(-16). What is the greatest common divisor of w and 182?
14
Let a = 256 + -158. Let s(n) = -2*n - 2*n - n - 2*n - 14. Let d be s(-4). Calculate the greatest common divisor of d and a.
14
Suppose 4*t - 270 + 2 = 0. Suppose -t - 41 = -3*i. Suppose r - i = -3*r. What is the highest common factor of r and 81?
9
Let t = -693 - -1257. Calculate the greatest common divisor of t and 329.
47
Let c(l) = 3792*l**3 - 2*l**2 + 12*l - 12. Let x be c(1). What is the greatest common divisor of x and 10?
10
Let m = -149 + 259. Suppose 0 = -4*a - 0*a - 48. Let y = -2 - a. Calculate the highest common divisor of m and y.
10
Suppose 0 = 2*j - 2 + 14. Let y = j - -6. Suppose -g + 3*g - 48 = y. What is the greatest common factor of 168 and g?
24
Let r(y) = 2*y**2 - 25*y + 27. Let f be r(15). What is the highest common divisor of 12 and f?
6
Suppose -3*v + n - 69 = 0, 3*v - 4*n - n = -81. Let f be 6/9 - v/3. Let o be 5/(15/6)*4*11. What is the highest common divisor of o and f?
8
Suppose 0*p - p + 90 = 0. Let i = -13 + 10. Let y be i + (-171)/(-13) + 10/(-65). Calculate the highest common factor of y and p.
10
Suppose 122*n = 104*n + 1080. Suppose -133 = -w + 67. Suppose -w = -4*a - a. What is the greatest common factor of a and n?
20
Suppose 8*r - 6*r = 24. Let v be (10/(-3))/((-8)/r). Suppose 0*s - s - i + 12 = 0, 2*s + v*i - 33 = 0. What is the highest common factor of 1 and s?
1
Let h be (32/(-15 + -1))/((-3)/90). What is the highest common factor of 3540 and h?
60
Suppose -8*w + 659 + 93 = 0. Calculate the greatest common divisor of 2 and w.
2
Let n be (-12)/10*(-8 - -3). Let d(i) = 10*i + 108. Let u be d(-10). Let k = n + u. What is the highest common factor of k and 28?
14
Let d be (1 + 1)*(305 - -3)/11. What is the highest common divisor of d and 266?
14
Suppose 4*j + 5*w = 2*w - 17, 3*j - 4*w + 44 = 0. Let v be ((-24)/j)/((-6)/(-196)). Calculate the highest common factor of v and 14.
14
Let b(w) = -50*w. Suppose i + 9*i = -20. Let o be b(i). Suppose -m + 27 = 7. Calculate the greatest common divisor of o and m.
20
Let p be (-24)/(-42) + 88/(-7). Suppose 2*t - 37 = -y, 3*t = 4*t + 4*y - 22. Let h = p + t. What is the greatest common divisor of 4 and h?
2
Let q(k) = 2*k + 2*k + 2*k + 20 - 54. Let i be q(11). Calculate the highest common divisor of i and 288.
32
Suppose 6*i = 11*i - 50. What is the greatest common factor of i and 5?
5
Suppose -11 = -4*f + 9. Suppose 193 = -q + 5*q + f*i, 2*q - 79 = i. Let u = q + -2. What is the greatest common divisor of u and 8?
8
Let l = -12 + 29. Suppose 3 - l = -2*j. Suppose 0 = 3*h - j*h + 72. Calculate the greatest common divisor of 2 and h.
2
Let c(n) be the first derivative of n**2/2 + 7*n - 2. Let o be c(-7). Suppose -3*x + 32 + 4 = o. Calculate the greatest common divisor of 12 and x.
12
Let j be (-2 - 510/(-25)) + 4/(-10). Suppose -11*l + 12*l = j. Let u be 217/3 - (-1)/(-3). Calculate the highest common factor of l and u.
18
Let d be (2 + (1 - 6))*-3*1. Suppose 0 = 5*w + 5*l - 15, 2*l = -l - d. What is the greatest common factor of w and 6?
6
Let d(f) = 3*f**3 - 8*f - 4. Let u be d(-2). Let g(h) = -19*h**3 + h**2. Let t be g(-1). Let a = u + t. Calculate the greatest common factor of 24 and a.
8
Suppose 4*v + 5*g = 279, 13*v - 2*g = 16*v - 211. Calculate the highest common divisor of 71 and v.
71
Let t(r) = 3*r**2 + 6*r - 7. Let v = 19 - 17. Let q be t(v). What is the greatest common factor of q and 119?
17
Suppose -17*j - 1176 = -23*j. Calculate the greatest common divisor of j and 84.
28
Let b(l) = 12*l - 126. Let n be b(13). What is the highest common factor of 525 and n?
15
Let n be 65/7 - -1*2/(-7). Suppose -2*r + 5*x = -7, -n = -4*r + 5*x - 0. Calculate the highest common divisor of r and 8.
1
Let s(u) = u**3 - 4*u**2 + 5*u + 2. Let j be s(2). What is the greatest common divisor of j and 28?
4
Let x(b) = 84*b + 58. Let q be x(12). What is the highest common divisor of 26 and q?
26
Let y be 2 - 15/6 - (-585)/18. What is the highest common factor of 176 and y?
16
Let r be ((-320)/60)/(12/(-9)). Let l be (0/2 + 38)*2. Calculate the greatest common factor of r and l.
4
Suppose 3*q + 54 = -27. Let s be (-3)/((q/20)/(-9)). Let m be (-3 - (3 + s)) + 2. What is the greatest common factor of 144 and m?
16
Let o = 106 + -49. Suppose -13*v - 5 = -o. Calculate the highest common factor of v and 8.
4
Let p be -5 - ((-52)/4 - 4/(-2)). What is the greatest common divisor of p and 174?
6
Suppose 6*x + 4*k - 36 = 2*x, 0 = 4*k. Suppose x = s - 15. Suppose -2*h + 3*h - 8 = 0. What is the greatest common factor of s and h?
8
Let v be 90*(4/36 + 13/45). What is the highest common divisor of 18 and v?
18
Let g be (-6*1)/(12/(-66)). Suppose n + y - g - 24 = 0, -2*n + y = -108. What is the highest common factor of n and 22?
11
Suppose 5*i = -31 - 59. Let u = i + 84. What is the greatest common factor of u and 99?
33
Let y(l) = l**2 + 8*l + 7. Let i be y(-8). Let m be (-153)/21 + 2/i. Let g = 11 + m. Calculate the greatest common factor of g and 8.
4
Let n be 1/(-2 + 53/26). Suppose 1 = -2*m - 5, -f - n = 2*m. Let h = -6 - f. What is the highest c